95?
2
What is the units digit of 83686?
6
What is the tens digit of 20293?
9
What is the hundreds digit of 2980?
9
What is the tens digit of 44516?
1
What is the ten thousands digit of 93742?
9
What is the ten thousands digit of 39550?
3
What is the tens digit of 2512?
1
What is the units digit of 15056?
6
What is the tens digit of 469?
6
What is the units digit of 768?
8
What is the thousands digit of 18083?
8
What is the units digit of 2456?
6
What is the thousands digit of 1716?
1
What is the thousands digit of 120379?
0
What is the tens digit of 4684?
8
What is the hundreds digit of 51515?
5
What is the units digit of 7693?
3
What is the tens digit of 883?
8
What is the hundreds digit of 7777?
7
What is the hundreds digit of 2625?
6
What is the ten thousands digit of 11828?
1
What is the hundreds digit of 92038?
0
What is the units digit of 3533?
3
What is the hundreds digit of 56052?
0
What is the units digit of 95?
5
What is the tens digit of 38014?
1
What is the tens digit of 508?
0
What is the ten thousands digit of 25077?
2
What is the units digit of 1564?
4
What is the ten thousands digit of 16990?
1
What is the hundreds digit of 873?
8
What is the tens digit of 761?
6
What is the units digit of 5688?
8
What is the hundreds digit of 24329?
3
What is the thousands digit of 5531?
5
What is the hundreds digit of 560?
5
What is the units digit of 6251?
1
What is the hundreds digit of 62909?
9
What is the units digit of 1235?
5
What is the tens digit of 3798?
9
What is the hundreds digit of 10952?
9
What is the tens digit of 10945?
4
What is the units digit of 184?
4
What is the thousands digit of 30322?
0
What is the thousands digit of 2913?
2
What is the units digit of 57124?
4
What is the units digit of 128?
8
What is the tens digit of 1473?
7
What is the units digit of 2300?
0
What is the tens digit of 613?
1
What is the hundreds digit of 1538?
5
What is the ten thousands digit of 13770?
1
What is the hundreds digit of 1461?
4
What is the tens digit of 8075?
7
What is the thousands digit of 3796?
3
What is the ten thousands digit of 131430?
3
What is the units digit of 2721?
1
What is the ten thousands digit of 23019?
2
What is the tens digit of 47961?
6
What is the hundreds digit of 489?
4
What is the thousands digit of 12847?
2
What is the tens digit of 119298?
9
What is the tens digit of 1656?
5
What is the thousands digit of 28942?
8
What is the hundreds digit of 4730?
7
What is the hundreds digit of 2062?
0
What is the hundreds digit of 500?
5
What is the tens digit of 1074?
7
What is the units digit of 1368?
8
What is the tens digit of 201?
0
What is the units digit of 1062?
2
What is the hundreds digit of 8386?
3
What is the thousands digit of 34988?
4
What is the units digit of 941?
1
What is the thousands digit of 1344?
1
What is the units digit of 3576?
6
What is the units digit of 1248?
8
What is the thousands digit of 14055?
4
What is the units digit of 89104?
4
What is the thousands digit of 2506?
2
What is the tens digit of 624?
2
What is the units digit of 56?
6
What is the thousands digit of 6919?
6
What is the tens digit of 8931?
3
What is the hundreds digit of 3330?
3
What is the units digit of 13248?
8
What is the tens digit of 856?
5
What is the units digit of 15479?
9
What is the thousands digit of 97834?
7
What is the hundreds digit of 503?
5
What is the thousands digit of 37515?
7
What is the units digit of 2866?
6
What is the thousands digit of 10998?
0
What is the thousands digit of 2732?
2
What is the ten thousands digit of 51420?
5
What is the units digit of 7558?
8
What is the hundreds digit of 63181?
1
What is the units digit of 3?
3
What is the hundred thousands digit of 144869?
1
What is the hundreds digit of 18515?
5
What is the hundreds digit of 1056?
0
What is the tens digit of 13891?
9
What is the tens digit of 1625?
2
What is the units digit of 5500?
0
What is the thousands digit of 1048?
1
What is the tens digit of 922?
2
What is the tens digit of 6512?
1
What is the thousands digit of 3753?
3
What is the tens digit of 2447?
4
What is the thousands digit of 77621?
7
What is the units digit of 1495?
5
What is the units digit of 3954?
4
What is the thousands digit of 32267?
2
What is the tens digit of 144?
4
What is the hundreds digit of 7797?
7
What is the units digit of 10717?
7
What is the hundreds digit of 17888?
8
What is the hundreds digit of 3040?
0
What is the hundreds digit of 22177?
1
What is the thousands digit of 2601?
2
What is the tens digit of 962?
6
What is the units digit of 3140?
0
What is the ten thousands digit of 50144?
5
What is the thousands digit of 3342?
3
What is the thousands digit of 51135?
1
What is the tens digit of 684?
8
What is the units digit of 4058?
8
What is the units digit of 838?
8
What is the tens digit of 572?
7
What is the thousands digit of 3260?
3
What is the hundreds digit of 560?
5
What is the units digit of 4023?
3
What is the thousands digit of 4486?
4
What is the thousands digit of 20520?
0
What is the tens digit of 3812?
1
What is the hundreds digit of 1606?
6
What is the tens digit of 413?
1
What is the units digit of 2086?
6
What is the tens digit of 164039?
3
What is the units digit of 4924?
4
What is the thousands digit of 33579?
3
What is the thousands digit of 21232?
1
What is the thousands digit of 1316?
1
What is the units digit of 77909?
9
What is the ten thousands digit of 14496?
1
What is the hundreds digit of 764?
7
What is the hundreds digit of 540?
5
What is the hundreds digit of 853?
8
What is the units digit of 50500?
0
What is the hundreds digit of 8392?
3
What is the units digit of 9771?
1
What is the ten thousands digit of 11193?
1
What is the tens digit of 89?
8
What is the hundred thousands digit of 117026?
1
What is the hundreds digit of 76803?
8
What is the thousands digit of 61904?
1
What is the tens digit of 13599?
9
What is the thousands digit of 141460?
1
What is the tens digit of 3617?
1
What is the units digit of 750?
0
What is the tens digit of 122206?
0
What is the hundreds digit of 61931?
9
What is the thousands digit of 64831?
4
What is the thousands digit of 64892?
4
What is the tens digit of 1016?
1
What is the units digit of 1261?
1
What is the thousands digit of 6084?
6
What is the thousands digit of 2611?
2
What is the hundreds digit of 115?
1
What is the thousands digit of 15681?
5
What is the units digit of 4728?
8
What is the hundreds digit of 7913?
9
What is the units digit of 118?
8
What is the hundreds digit of 275?
2
What is the thousands digit of 2430?
2
What is the tens digit of 111?
1
What is the units digit of 17048?
8
What is the units digit of 41780?
0
What is the units digit of 1612?
2
What is the tens digit of 2118?
1
What is the hundreds digit of 115125?
1
What is the units digit of 2131?
1
What is the units digit of 131692?
2
What is the tens digit of 14029?
2
What is the tens digit of 1300?
0
What is the tens digit of 3011?
1
What is the tens digit of 3957?
5
What is the units digit of 39?
9
What is the hundreds digit of 7311?
3
What is the tens digit of 900?
0
What is the units digit of 1465?
5
What is the units digit of 1571?
1
What is the hundreds digit of 318?
3
What is the hundreds digit of 3475?
4
What is the units digit of 3256?
6
What is the units digit of 23572?
2
What is the units digit of 9201?
1
What is the hundreds digit of 625?
6
What is the units digit of 95356?
6
What is the units digit of 1737?
7
What is the tens digit of 36780?
8
What is the tens digit of 2487?
8
What is the tens digit of 20823?
2
What is the units digit of 400?
0
What is the thousands digit of 1972?
1
What is the tens digit of 11916?
1
What is the units digit of 808?
8
What is the tens digit of 1842?
4
What is the hundreds digit of 123454?
4
What is the thousands digit of 42500?
2
What is the units digit of 28124?
4
What is the hundreds digit of 29720?
7
What is the thousands digit of 25836?
5
What is the thousands digit of 90210?
0
What is the units digit of 936?
6
What is the thousands digit of 26993?
6
What is the units digit of 2768?
8
What is the hundreds digit of 175?
1
What is the tens digit of 4403?
0
What is the hundreds digit of 328?
3
What is the hundreds digit of 101?
1
What is the thousands di